{"id":139,"date":"2013-01-30T00:31:46","date_gmt":"2013-01-29T22:31:46","guid":{"rendered":"http:\/\/www.cape2cape.cc\/?page_id=139"},"modified":"2013-11-11T23:50:17","modified_gmt":"2013-11-11T21:50:17","slug":"torsten-buresch","status":"publish","type":"page","link":"https:\/\/www.cape2cape.cc\/?page_id=139","title":{"rendered":"Torsten Buresch"},"content":{"rendered":"<p><a href=\"https:\/\/www.cape2cape.cc\/wp-content\/uploads\/2013\/02\/buresch.jpg\"><img loading=\"lazy\" decoding=\"async\" class=\"alignright size-full wp-image-256\" alt=\"Torsten Buresch\" src=\"https:\/\/www.cape2cape.cc\/wp-content\/uploads\/2013\/02\/buresch.jpg\" width=\"268\" height=\"300\" \/><\/a><strong>&#8222;Buri&#8220;<\/strong><\/p>\n<p>Co Alterspr\u00e4sident, Baujahr: 61<\/p>\n<p>auch bekannt unter dem Pseudonym &#8222;Das Fahrrad&#8220; ist die letzten drei Wochen dabei und unterst\u00fctzt den Alterspr\u00e4si. Denn auch Buri kann nicht viel aus der Ruhe bringen Au\u00dferdem ist er sehr hilfsbereit und ausgestattet mit hohem technischem Wissen in Theorie und Praxis. Er kann dann im Notfall in Afrika in der Savanne kaputte Autos und vor allem Fahrr\u00e4der reparieren (auch kaputte Schuhe oder \u00c4hnliches). Da gibt es doch bestimmt genug zu tun&#8230;<\/p>\n","protected":false},"excerpt":{"rendered":"<p>&#8222;Buri&#8220; Co Alterspr\u00e4sident, Baujahr: 61 auch bekannt unter dem Pseudonym &#8222;Das Fahrrad&#8220; ist die letzten drei Wochen dabei und unterst\u00fctzt den Alterspr\u00e4si. Denn auch Buri kann nicht viel aus der Ruhe bringen Au\u00dferdem ist er sehr hilfsbereit und ausgestattet mit &hellip; <a href=\"https:\/\/www.cape2cape.cc\/?page_id=139\">Weiterlesen <span class=\"meta-nav\">&rarr;<\/span><\/a><\/p>\n","protected":false},"author":1,"featured_media":1984,"parent":18,"menu_order":0,"comment_status":"closed","ping_status":"closed","template":"full-width-page.php","meta":{"om_disable_all_campaigns":false,"_monsterinsights_skip_tracking":false,"_monsterinsights_sitenote_active":false,"_monsterinsights_sitenote_note":"","_monsterinsights_sitenote_category":0,"footnotes":""},"class_list":["post-139","page","type-page","status-publish","has-post-thumbnail","hentry"],"aioseo_notices":[],"_links":{"self":[{"href":"https:\/\/www.cape2cape.cc\/index.php?rest_route=\/wp\/v2\/pages\/139","targetHints":{"allow":["GET"]}}],"collection":[{"href":"https:\/\/www.cape2cape.cc\/index.php?rest_route=\/wp\/v2\/pages"}],"about":[{"href":"https:\/\/www.cape2cape.cc\/index.php?rest_route=\/wp\/v2\/types\/page"}],"author":[{"embeddable":true,"href":"https:\/\/www.cape2cape.cc\/index.php?rest_route=\/wp\/v2\/users\/1"}],"replies":[{"embeddable":true,"href":"https:\/\/www.cape2cape.cc\/index.php?rest_route=%2Fwp%2Fv2%2Fcomments&post=139"}],"version-history":[{"count":7,"href":"https:\/\/www.cape2cape.cc\/index.php?rest_route=\/wp\/v2\/pages\/139\/revisions"}],"predecessor-version":[{"id":701,"href":"https:\/\/www.cape2cape.cc\/index.php?rest_route=\/wp\/v2\/pages\/139\/revisions\/701"}],"up":[{"embeddable":true,"href":"https:\/\/www.cape2cape.cc\/index.php?rest_route=\/wp\/v2\/pages\/18"}],"wp:featuredmedia":[{"embeddable":true,"href":"https:\/\/www.cape2cape.cc\/index.php?rest_route=\/wp\/v2\/media\/1984"}],"wp:attachment":[{"href":"https:\/\/www.cape2cape.cc\/index.php?rest_route=%2Fwp%2Fv2%2Fmedia&parent=139"}],"curies":[{"name":"wp","href":"https:\/\/api.w.org\/{rel}","templated":true}]}}