{"id":174,"date":"2013-01-30T00:45:46","date_gmt":"2013-01-29T22:45:46","guid":{"rendered":"http:\/\/www.cape2cape.cc\/?page_id=174"},"modified":"2013-09-11T14:57:33","modified_gmt":"2013-09-11T12:57:33","slug":"rainer-pagel","status":"publish","type":"page","link":"https:\/\/www.cape2cape.cc\/?page_id=174","title":{"rendered":"Rainer Pagel"},"content":{"rendered":"<p><a href=\"https:\/\/www.cape2cape.cc\/wp-content\/uploads\/2013\/02\/pagel.jpg\"><img loading=\"lazy\" decoding=\"async\" class=\"alignright size-full wp-image-284\" alt=\"Rainer Pagel\" src=\"https:\/\/www.cape2cape.cc\/wp-content\/uploads\/2013\/02\/pagel.jpg\" width=\"268\" height=\"300\" \/><\/a><strong>&#8222;Icke&#8220;<\/strong><\/p>\n<p>Alterspr\u00e4sident, Baujahr: 60<\/p>\n<p>Rainer ist unser Alterspr\u00e4si und wird mit seiner dementsprechenden Weisheit hoffentlich ein bi\u00dfchen Ruhe in die Reihen der mit ihm reisenden Jungspunde bringen. Theater ist er gewohnt und wird mit seiner Berufserfahrung als Beleuchtungsmeister viel Licht ins Dunkle bringen&#8230;<\/p>\n","protected":false},"excerpt":{"rendered":"<p>&#8222;Icke&#8220; Alterspr\u00e4sident, Baujahr: 60 Rainer ist unser Alterspr\u00e4si und wird mit seiner dementsprechenden Weisheit hoffentlich ein bi\u00dfchen Ruhe in die Reihen der mit ihm reisenden Jungspunde bringen. Theater ist er gewohnt und wird mit seiner Berufserfahrung als Beleuchtungsmeister viel Licht &hellip; <a href=\"https:\/\/www.cape2cape.cc\/?page_id=174\">Weiterlesen <span class=\"meta-nav\">&rarr;<\/span><\/a><\/p>\n","protected":false},"author":1,"featured_media":1640,"parent":18,"menu_order":13,"comment_status":"closed","ping_status":"closed","template":"full-width-page.php","meta":{"om_disable_all_campaigns":false,"_monsterinsights_skip_tracking":false,"_monsterinsights_sitenote_active":false,"_monsterinsights_sitenote_note":"","_monsterinsights_sitenote_category":0,"footnotes":""},"class_list":["post-174","page","type-page","status-publish","has-post-thumbnail","hentry"],"aioseo_notices":[],"_links":{"self":[{"href":"https:\/\/www.cape2cape.cc\/index.php?rest_route=\/wp\/v2\/pages\/174","targetHints":{"allow":["GET"]}}],"collection":[{"href":"https:\/\/www.cape2cape.cc\/index.php?rest_route=\/wp\/v2\/pages"}],"about":[{"href":"https:\/\/www.cape2cape.cc\/index.php?rest_route=\/wp\/v2\/types\/page"}],"author":[{"embeddable":true,"href":"https:\/\/www.cape2cape.cc\/index.php?rest_route=\/wp\/v2\/users\/1"}],"replies":[{"embeddable":true,"href":"https:\/\/www.cape2cape.cc\/index.php?rest_route=%2Fwp%2Fv2%2Fcomments&post=174"}],"version-history":[{"count":11,"href":"https:\/\/www.cape2cape.cc\/index.php?rest_route=\/wp\/v2\/pages\/174\/revisions"}],"predecessor-version":[{"id":1893,"href":"https:\/\/www.cape2cape.cc\/index.php?rest_route=\/wp\/v2\/pages\/174\/revisions\/1893"}],"up":[{"embeddable":true,"href":"https:\/\/www.cape2cape.cc\/index.php?rest_route=\/wp\/v2\/pages\/18"}],"wp:featuredmedia":[{"embeddable":true,"href":"https:\/\/www.cape2cape.cc\/index.php?rest_route=\/wp\/v2\/media\/1640"}],"wp:attachment":[{"href":"https:\/\/www.cape2cape.cc\/index.php?rest_route=%2Fwp%2Fv2%2Fmedia&parent=174"}],"curies":[{"name":"wp","href":"https:\/\/api.w.org\/{rel}","templated":true}]}}