{"id":53,"date":"2013-01-27T00:05:12","date_gmt":"2013-01-26T22:05:12","guid":{"rendered":"http:\/\/www.cape2cape.cc\/?page_id=53"},"modified":"2026-01-02T18:14:02","modified_gmt":"2026-01-02T17:14:02","slug":"home","status":"publish","type":"page","link":"https:\/\/www.cape2cape.cc\/","title":{"rendered":"Home"},"content":{"rendered":"<p>Liebe cape2cape Freunde,<br \/>\nsch\u00f6n das ihr die Kulturgruppe Jena hier auf <a href=\"https:\/\/www.cape2cape.cc\" target=\"_blank\">cape2cape.cc<\/a> besucht und vielleicht auch ein St\u00fcck des Weges vom n\u00f6rdlichsten Punkt Europas bis zur S\u00fcdspitze Afrikas begleitet.<\/p>\n<p>Ab dem 5. Juli 2013 werden wir versuchen, vom Nordkap beginnend, dem 42\u00b0 L\u00e4ngengrad ausschliesslich auf dem Land- und Seeweg nach S\u00fcden zu folgen, um nach ca. 9 Wochen (hoffentlich) in Kapstadt aufzuschlagen. \u00dcber unser cape2cape Reisetagebuch werden wir unsere Lieben zuhause und alle anderen Interessierten an unseren Erlebnissen unterwegs teilhaben lassen.<\/p>\n<p>Nach unserer <a href=\"http:\/\/www.w80.de\" target=\"_blank\">Weltreise 2004<\/a>\u00a0 und der <a href=\"http:\/\/www.feuerlaska.de\" target=\"_blank\">Feuerland-Alaska-Tour 2009<\/a> wird dies wohl unsere EPISODE 3, d.h. der (wahrscheinlich?) letzte Trip dieser Art sein.<\/p>\n<p>Drei Fragen werden uns oft gestellt. Die h\u00e4ufigste ist, warum wir so etwas \u00fcberhaupt machen?<br \/>\nF\u00fcr 10 Leute eine \u00fcbereinstimmende Antwort zu finden hat eine Weile gedauert und war doch so einfach. Es h\u00e4ngt mit unseren gemeinsamen Biographien zusammen. Sehnsucht und Fernweh, eingeimpft in der DDR, die uns zu reisetechnischen Gef\u00e4ngniskindern gemacht hatte. Das ist unsere Rache!<\/p>\n<p>2. Frage: Warum so viele L\u00e4nder in so kurzer Zeit?<br \/>\nAntwort A: die Herausforderung,<br \/>\nAntwort B: uns l\u00e4uft die Zeit davon, denn wir werden nicht j\u00fcnger,<br \/>\nAntwort C und das ist die ehrlichste: weder unsere Familien, noch unsere Arbeitgeber geben uns l\u00e4nger frei, also m\u00fcssen wir uns beeilen.<\/p>\n<p>3. Frage: Wie bekommt man 10 Leute f\u00fcr 70 Tage Reisestress unter einen Hut?<br \/>\nZwei Dinge. Erstens, die &#8222;Rechte- Hand-Regel&#8220; und zweitens, eine seit Kindertagen bew\u00e4hrte, aufrichtige Freundschaft.<\/p>\n<p><em>\u201eEine echte Gemeinschaft, beginnt in den Herzen der Menschen\u201c<\/em><br \/>\n<em>Malidoma Som\u00e9<\/em><\/p>\n","protected":false},"excerpt":{"rendered":"<p>Liebe cape2cape Freunde, sch\u00f6n das ihr die Kulturgruppe Jena hier auf cape2cape.cc besucht und vielleicht auch ein St\u00fcck des Weges vom n\u00f6rdlichsten Punkt Europas bis zur S\u00fcdspitze Afrikas begleitet. Ab dem 5. Juli 2013 werden wir versuchen, vom Nordkap beginnend, &hellip; <a href=\"https:\/\/www.cape2cape.cc\/\">Weiterlesen <span class=\"meta-nav\">&rarr;<\/span><\/a><\/p>\n","protected":false},"author":1,"featured_media":1404,"parent":0,"menu_order":0,"comment_status":"closed","ping_status":"closed","template":"","meta":{"om_disable_all_campaigns":false,"_monsterinsights_skip_tracking":false,"_monsterinsights_sitenote_active":false,"_monsterinsights_sitenote_note":"","_monsterinsights_sitenote_category":0,"footnotes":""},"class_list":["post-53","page","type-page","status-publish","has-post-thumbnail","hentry"],"aioseo_notices":[],"_links":{"self":[{"href":"https:\/\/www.cape2cape.cc\/index.php?rest_route=\/wp\/v2\/pages\/53","targetHints":{"allow":["GET"]}}],"collection":[{"href":"https:\/\/www.cape2cape.cc\/index.php?rest_route=\/wp\/v2\/pages"}],"about":[{"href":"https:\/\/www.cape2cape.cc\/index.php?rest_route=\/wp\/v2\/types\/page"}],"author":[{"embeddable":true,"href":"https:\/\/www.cape2cape.cc\/index.php?rest_route=\/wp\/v2\/users\/1"}],"replies":[{"embeddable":true,"href":"https:\/\/www.cape2cape.cc\/index.php?rest_route=%2Fwp%2Fv2%2Fcomments&post=53"}],"version-history":[{"count":28,"href":"https:\/\/www.cape2cape.cc\/index.php?rest_route=\/wp\/v2\/pages\/53\/revisions"}],"predecessor-version":[{"id":1422,"href":"https:\/\/www.cape2cape.cc\/index.php?rest_route=\/wp\/v2\/pages\/53\/revisions\/1422"}],"wp:featuredmedia":[{"embeddable":true,"href":"https:\/\/www.cape2cape.cc\/index.php?rest_route=\/wp\/v2\/media\/1404"}],"wp:attachment":[{"href":"https:\/\/www.cape2cape.cc\/index.php?rest_route=%2Fwp%2Fv2%2Fmedia&parent=53"}],"curies":[{"name":"wp","href":"https:\/\/api.w.org\/{rel}","templated":true}]}}